?
False
Is 135829 a composite number?
False
Is 219997 a composite number?
True
Is 82682 composite?
True
Is 12791 composite?
False
Is 61715 a prime number?
False
Is 93701 a composite number?
False
Is 43699 composite?
True
Is 546461 a composite number?
False
Is 865661 a prime number?
True
Is 4201 prime?
True
Is 1733 composite?
False
Is 116089 a composite number?
False
Is 4145 prime?
False
Is 5791 a composite number?
False
Is 532601 prime?
True
Is 12319 composite?
True
Is 6187 prime?
False
Is 31417 a composite number?
True
Is 7039 a composite number?
False
Is 26423 composite?
False
Is 9811 prime?
True
Is 212551 composite?
True
Is 13963 a composite number?
False
Is 32831 composite?
False
Is 4493 prime?
True
Is 163083 a prime number?
False
Is 2983 composite?
True
Is 20649 a prime number?
False
Is 79 a prime number?
True
Is 5389 prime?
False
Is 387911 a composite number?
False
Is 10223 a prime number?
True
Is 172573 prime?
True
Is 539551 composite?
True
Is 712837 composite?
False
Is 29009 prime?
True
Is 13751 a prime number?
True
Is 68303 prime?
False
Is 125155 prime?
False
Is 137723 composite?
False
Is 26089 a composite number?
True
Is 12133 prime?
False
Is 801539 a composite number?
False
Is 52571 a composite number?
False
Is 618521 prime?
True
Is 24623 a prime number?
True
Is 49307 a prime number?
True
Is 1861 prime?
True
Is 1009 a composite number?
False
Is 110749 prime?
True
Is 629 a composite number?
True
Is 953741 composite?
True
Is 766157 a prime number?
False
Is 2722 a prime number?
False
Is 180907 composite?
False
Is 1250057 prime?
True
Is 12049 prime?
True
Is 109355 a prime number?
False
Is 207113 a prime number?
True
Is 2938847 prime?
False
Is 1026029 prime?
True
Is 8315 prime?
False
Is 53513 a prime number?
False
Is 233165 prime?
False
Is 971961 prime?
False
Is 1193 composite?
False
Is 446819 composite?
False
Is 106271 prime?
False
Is 13263 prime?
False
Is 1736537 a composite number?
True
Is 27239 a composite number?
False
Is 660847 prime?
False
Is 1576571 prime?
True
Is 2459843 composite?
False
Is 673 a prime number?
True
Is 17863 a composite number?
False
Is 1006433 a prime number?
True
Is 1030981 a prime number?
False
Is 124277 a composite number?
False
Is 71507 a composite number?
True
Is 6131749 composite?
True
Is 348071 a prime number?
False
Is 97771 a composite number?
False
Is 6323 composite?
False
Is 1018763 prime?
True
Is 41161 prime?
True
Is 10829801 a prime number?
True
Is 18589 composite?
True
Is 18041 prime?
True
Is 63637 composite?
True
Is 3489 a composite number?
True
Is 31859 prime?
True
Is 362998 a prime number?
False
Is 163549 prime?
False
Is 6439 prime?
False
Is 4571 a composite number?
True
Is 7909 prime?
False
Is 16273 a prime number?
True
Is 787 a composite number?
False
Is 7220483 a composite number?
False
Is 3299 a composite number?
False
Is 1137941 prime?
False
Is 1633103 composite?
False
Is 1291 prime?
True
Is 37187 a composite number?
True
Is 332141 a composite number?
True
Is 73411 prime?
False
Is 25301 a prime number?
True
Is 378605 prime?
False
Is 16319 prime?
True
Is 84079 composite?
True
Is 3351 composite?
True
Is 309559 composite?
False
Is 134911 prime?
False
Is 8849 a composite number?
False
Is 41717 a composite number?
True
Is 924639 prime?
False
Is 30154 a prime number?
False
Is 2691985 a prime number?
False
Is 15689 a composite number?
True
Is 1913749 a prime number?
True
Is 76637 composite?
True
Is 525002 composite?
True
Is 210439 prime?
False
Is 21587 prime?
True
Is 64667 a prime number?
True
Is 16249 a composite number?
False
Is 1099823 a composite number?
False
Is 80513 prime?
True
Is 17657 a prime number?
True
Is 16801 a prime number?
False
Is 65809 a composite number?
False
Is 1928506 composite?
True
Is 542341 prime?
False
Is 69761 a composite number?
False
Is 136601 a composite number?
False
Is 1262193 composite?
True
Is 10427 a composite number?
False
Is 150473 a prime number?
True
Is 194131 a composite number?
True
Is 163 a composite number?
False
Is 40879 prime?
True
Is 591709 a composite number?
False
Is 55037 prime?
False
Is 193339 composite?
True
Is 38013 prime?
False
Is 30521 a composite number?
True
Is 5466905 a composite number?
True
Is 79481 composite?
False
Is 68023 prime?
True
Is 95621 composite?
False
Is 10762 a composite number?
True
Is 69401 prime?
True
Is 244831 prime?
False
Is 42739 composite?
True
Is 266477 prime?
True
Is 278311 a prime number?
False
Is 3821 a prime number?
True
Is 52783 prime?
True
Is 10361077 composite?
False
Is 120161 composite?
True
Is 182057 composite?
False
Is 704087 a composite number?
False
Is 223999 a composite number?
False
Is 92029 composite?
True
Is 30743 a composite number?
True
Is 3631 prime?
True
Is 9865 composite?
True
Is 126347 composite?
True
Is 160481 a composite number?
False
Is 561391 a composite number?
True
Is 29789 composite?
False
Is 479623 a composite number?
False
Is 275259 a composite number?
True
Is 36535 a composite number?
True
Is 20798 a composite number?
True
Is 56894 composite?
True
Is 16603 a prime number?
True
Is 4211 a prime number?
True
Is 1519363 a prime number?
True
Is 755705 a composite number?
True
Is 15161 a prime number?
True
Is 553227 composite?
True
Is 351827 a prime number?
False
Is 8663 prime?
True
Is 307361 composite?
False
Is 139241 a composite number?
False
Is 542705 a composite number?
True
Is 22339 a prime number?
False
Is 9665 composite?
True
Is 2408819 prime?
False
Is 524591 prime?
True
Is 1709 a composite number?
False
Is 42505 composite?
True
Is 14953 a prime number?
False
Is 211427 composite?
False
Is 169061 a composite number?
True
Is 73301 prime?
False
Is 162883 composite?
True
Is 5791 composite?
False
Is 913 a composite number?
True
Is 24527 a composite number?
False
Is 162335 a composite number?
True
Is 5018279 a composite number?
True
Is 101139 prime?
False
Is 7607 composite?
False
Is 218203 prime?
False
Is 9722 a prime number?
False
Is 1227623 composite?
True
Is 660007 a composite number?
True
Is 29521 a composite number?
True
Is 34154 composite?
True
Is 2049 a prime number?
False
Is 37243 a composite number?
False
Is 100357 a composite number?
False
Is 42799 composite?
True
Is 563 a prime number?
True
Is 3271 a prime number?
True
Is 217559 a composite number?
False
Is 41698 composite?
True
Is 1586663 prime?
False
Is 6541 composite?
True
Is 113891 prime?
True
Is 13217 a prime number?
True
Is 12251 a prime number?
True
Is 48847 composite?
False
Is 10369 a prime number?
True
Is 1284365 prime?
False
Is 33639 composite?
True
Is 8039 a composite number?
False
Is 31601 prime?
True
Is 435901 a prime number?
False
Is 28429 composite?
False
Is 100807 a prime number?
False
Is 746699 prime?
False
Is 260539 a prime number?
True
Is 43727 prime?
False
Is 333041 composite?
False
Is 944119 prime?
False
Is 40265 composite?
True
Is 48593 prime?
True
Is 254369 a prime number?
True
Is 633133 a composite number?
False
Is 2138 a prime number?
False
Is 240797 a prime number?
True
Is 150947 prime?
False
Is 18709 composite?
True
Is 77189 a prime number?
False
Is 449795 a prime number?
False
Is 381761 a prime number?
True
Is 93593 a prime number?
False
Is 60313 prime?
False
Is 58657 a composite number?
False
Is 86323 composite?
False
Is 200569 composite?
False
Is 317221 prime?
False
Is 113279 prime?
True
Is 1781 a composite number?
True
Is 6887 prime?
False
Is 80378 a composite number?
True
Is 261071 a composite number?
False
Is 11677 a composite number?
False
Is 272959 composite?
False
Is 444253 a prime number?
True
Is 4721 composite?
False
Is 545271 prime?
False
Is 11777 a prime number?
True
Is 22501 a prime number?
True
Is 153557 a prime number?
True
Is 169139 composite?
True
Is 212897 composite?
False
Is 36833 a composite number?
False
Is 20037 prime?
False
Is 1167053 composite?
False
Is 59999 prime?
True
Is 12659 prime?
True
Is 235241 prime?
True
Is 53479 a composite number?
False
Is 154487 composite?
False
Is 18721 prime?
False
Is 4461 a prime number?
False
Is 59191 a composite number?
True
Is 2245 a prime number?
False
Is 152549 prime?
False
Is 1754303 prime?
True
Is 558781 a composite number?
False
Is 2569 a prime number?
False
Is 877 prime?
True
Is 820459 a composite number?
False
Is 11657 composite?
False
